2 - 13/(-7))?
27
Let v = 15583 - 15575. What is the remainder when 719 is divided by v?
7
Let u(z) = z**2 - 15*z + 53. Let k be u(11). Suppose 310 = k*w - 59. What is the remainder when 157 is divided by w?
34
Let s be (-145)/(-4) + (-1 - 35/(-20)). What is the remainder when 59/(-3)*(s + -43) is divided by 18?
10
Suppose 11*a - 2138 = -1973. What is the remainder when 591 is divided by a?
6
Suppose s - 5*d - 32 + 7 = 0, 3*s - 33 = d. Calculate the remainder when ((-60)/(-54) + 8/36)/(2/87) is divided by s.
8
Suppose -5*v - 38 + 48 = 0. Suppose 2*k + 102 = -5*x + 292, k = -v*x + 76. What is the remainder when 835 is divided by x?
37
Suppose -2*k - t - t = -10, 4 = k + 2*t. Calculate the remainder when (-3)/k*(-8 + -284) is divided by 25.
21
Suppose 98*g = 95*g + 36. Suppose 40 - g = -q. Let p = q + 37. Calculate the remainder when 34 is divided by p.
7
Suppose 1387*j - 468 - 429 = 1374*j. Calculate the remainder when j is divided by 4.
1
Suppose 0*s = 2*s - 4*c - 32, 4*c + 56 = 3*s. Suppose -s = 3*i - 222. Calculate the remainder when 119 is divided by i.
53
Let s(i) = -10*i**2 - 87*i - 5. What is the remainder when 525 is divided by s(-3)?
27
Suppose 0 = d - 6 - 3. Let h = -8816 + 8912. Calculate the remainder when h is divided by d.
6
Calculate the remainder when ((-9)/(-225))/(6/6855) + (-3)/(-10) is divided by 17.
12
Let y(m) = m**3 - m**2 - m + 27. Let h be y(0). Calculate the remainder when ((-18)/h)/(1564/783 - 2) is divided by 44.
41
Let x(t) = t**2 + 111*t + 2105. Calculate the remainder when 957 is divided by x(-24).
5
Let y be 21/(-21)*(-59)/1. Suppose 4*b - 102 = v - 3*v, v - y = -4*b. Calculate the remainder when v is divided by 16.
11
Let c = 6109 - 6082. What is the remainder when 3346 is divided by c?
25
Calculate the remainder when 376 is divided by -62*45/30*-1.
4
Suppose -47*m + 11196 + 24101 = 0. What is the remainder when m is divided by 6?
1
Suppose 348 = -10*q - 82. Let t = 45 + q. Suppose 4*s = -12, -t*m + 4*s = 3*m - 477. What is the remainder when m is divided by 19?
17
Let v = 742 + -526. What is the remainder when 63336/v + 2/(-9) is divided by 14?
13
Suppose 52 - 196 = w - 4*w. Calculate the remainder when 191 is divided by w.
47
Suppose 5*j = x + 2004, j = -j - 5*x + 807. What is the remainder when j is divided by 85?
61
Suppose -5*g = -25, 2*n - 4*g + 8 = -12. Suppose 23*q - 292 - 490 = n. What is the remainder when 64 is divided by q?
30
Let o(z) = z**3 + z**2. Let g be o(0). Suppose g = 3*u - 14 - 16. Suppose 2*x - 26 = -u. Calculate the remainder when 21 is divided by x.
5
Let c = -27028 + 27097. Calculate the remainder when 58371 is divided by c.
66
What is the remainder when (-6)/(-8)*(6787/33 - 23) is divided by 2?
1
Let a = -4281 + 4293. Calculate the remainder when 718 is divided by a.
10
Suppose 3*p - 101 = -5*y, 14*p - 23 = -y + 13*p. Calculate the remainder when y is divided by (-3)/5*5/(-1).
1
Suppose -210 = -5*n - 45. Suppose 1045*v - 1044*v = -531. Let f = 661 + v. What is the remainder when f is divided by n?
31
Let c be 4/(-4) + (-90)/(25/(-5)). Suppose -c*y + 1908 = y. What is the remainder when y is divided by 22?
18
Suppose 3*k - 2*c - 762 = 0, -3*c + 508 = 2*k - 6*c. What is the remainder when k is divided by 38?
26
Let q be 8138/169 - (-4)/(-26) - 4. Suppose u = -4*s + 42, -4*s = u + u - q. Suppose -s*m + 6*m + 84 = 0. Calculate the remainder when 60 is divided by m.
18
Let o be (5 + 1492/(-12))*(-3)/2. Let w = o + -137. What is the remainder when w is divided by 13?
3
Let c(v) = -v + 101. What is the remainder when ((-24)/(-36))/((-1)/(-201) - 0) is divided by c(56)?
44
Let g = -592 - -651. Suppose -g*a = -46*a - 1027. What is the remainder when a is divided by 28?
23
Let w be ((-8)/10)/(5260/(-750) - -7). Suppose -2*k = 5*a - w, -k - 3*k - 12 = -a. Calculate the remainder when 153 is divided by a.
9
Let h be 33 + -37 - (-5 - -1). Suppose h = -5*g - a + 94, -5*a = -0*a - 20. What is the remainder when 24 is divided by g?
6
Suppose -5*o + 384 + 451 = 0. Let c = 9 - 4. Let a(b) = 3*b + 2. Calculate the remainder when o is divided by a(c).
14
Suppose 4*w + 23*j - 19*j - 880 = 0, -j - 652 = -3*w. Let n = -138 - -75. Let m = -8 - n. Calculate the remainder when w is divided by m.
53
Calculate the remainder when 1107/36*(2 + (-3 - 1558/(-6))) is divided by 6.
4
Let f(z) = 5*z + 7. Let o be f(9). Let v = 215 - 119. Let a = v - o. What is the remainder when a is divided by 15?
14
Let h(n) = -4*n**2 + 1 + 2*n + 25*n**2 + 0. Let j = -688 - -687. Calculate the remainder when h(j) is divided by 6.
2
Let q = 1010 + -779. What is the remainder when q is divided by 111?
9
Suppose 2*o = 8*o - 840. Suppose o = -14*d + 560. What is the remainder when (2 + d)/((0 + 2)*1) is divided by 11?
5
Let g be (-96)/224 + 1350/14. Suppose 8*z - 11*z = -g. Calculate the remainder when 123 is divided by z.
27
Suppose -s - 20 = -r, 0 = -3*r - 644*s + 641*s + 30. Let w be ((-15)/(-10))/(3/64). Let l = 41 + w. Calculate the remainder when l is divided by r.
13
Calculate the remainder when (7700/18)/5 + 40/90 is divided by 6.
2
Suppose -156*x - 100 = -145*x - 518. Calculate the remainder when 1019 is divided by x.
31
Let g(c) be the second derivative of c**5/20 - c**4/4 - 13*c**3/3 + 82*c**2 - 67*c. What is the remainder when g(8) is divided by 14?
10
Suppose 2*r - 5*r = -5*f + 1168, 2*f - 5*r - 452 = 0. Suppose -231*p + f*p = 125. Calculate the remainder when 122 is divided by p.
22
What is the remainder when 72 is divided by -15 - -14 - -4 - 0?
0
Suppose 3*y = -4*g + 121, 2*g - 15 = -y + 24. What is the remainder when y is divided by (-1 - -49)*(-154)/(-231)?
11
Let y be 4 + 9 + 40/(-10). Suppose -y*t + 12*t = 27. Suppose 0 = -5*p + 20, -2*c - 7 = p - 81. Calculate the remainder when c is divided by t.
8
Let f be ((21/14)/(-3))/(3/(-36)). Calculate the remainder when 34 is divided by 13/3 - (-4)/f.
4
Let i(t) = 40*t - 298. What is the remainder when i(72) is divided by 21?
20
Suppose 4*t - 1304 = -2*g, 2*g + 1878 - 566 = 4*t. What is the remainder when 2296 is divided by t?
7
Let d(o) = 33*o - 11. Let u be d(3). Let q(x) = 15*x + 180 - u - 140. What is the remainder when q(5) is divided by 7?
6
Let s(k) = -k + 3. Let f be s(1). Suppose 9 = -2*m - 3*o, 0 = -o + f - 5. Suppose m = 6*p - 5*p - 11. Calculate the remainder when p is divided by 2.
1
Suppose -272 = -5*r + 28. Let q = 845 - 829. What is the remainder when r is divided by q?
12
Suppose 29*b - 153 = 50. What is the remainder when 28/b*(-131)/(-2) is divided by 22?
20
Suppose -c + 65 = 4*p - 16, -4*p = -4*c + 484. What is the remainder when c is divided by 65?
48
Let u be (-2)/(-4) - (16 - 378/28). Calculate the remainder when (u + 244)/(-7*(-8)/56) is divided by 62.
56
Let m(p) = -2*p**2 + 61*p - 395. What is the remainder when 1235 is divided by m(11)?
11
Calculate the remainder when -2 - (-4 - -1) - (-3256 + 62) is divided by 16.
11
Suppose 45*q = 2432 + 29023. What is the remainder when q is divided by 230?
9
Let z(o) = -13*o - 34. Let f be (-4)/(-5)*85/34. Suppose f*m = 4*i - 7*i + 15, 5*m - 15 = 0. Calculate the remainder when z(-3) is divided by i.
2
Let n(s) = 2*s**2 + 6*s + 12. Let t(o) = 2*o**2 + 4*o - 7. Let i be t(3). Suppose -16*f + i*f = 28. Calculate the remainder when n(f) is divided by 36.
32
Let c(f) = 18*f + 160. Let p be c(-29). Let w = 375 + p. Let u(t) = 2*t**2 - 7*t. Calculate the remainder when u(7) is divided by w.
10
Suppose 6071 = 96*i - 1993. Calculate the remainder when 217 is divided by i.
49
What is the remainder when 1383/3 + 8 + (-7 - -4) is divided by 111?
22
Suppose 4 + 0 = i, 0 = 5*g - 3*i - 8. Suppose 377 = -g*y + 17*y. What is the remainder when y is divided by 21?
8
Suppose 5879 = 587*v - 758*v + 41960. What is the remainder when 540 is divided by v?
118
Let c = 36876 + -36730. What is the remainder when 2480 is divided by c?
144
Let j = -113 + 167. Let y = 65 - j. Let w = 41 - y. What is the remainder when 58 is divided by w?
28
Suppose 2 = -2*x + 3*x. Let c(m) = 243*m**2 - 117*m**2 - 18 - 114*m**x - m**3 - 7*m. Calculate the remainder when c(11) is divided by 9.
8
Suppose -3*h + 670 = -13*h. Let u = h + 74. Calculate the remainder when (-3)/(-1)*(-16)/(-3) is divided by u.
2
Suppose 0 = -3*w - 21, -x + 2*w = 3*w - 67. What 